 2749387
List the prime factors of 3273300.
2, 3, 5, 3637
List the prime factors of 266420.
2, 5, 7, 11, 173
What are the prime factors of 10200713?
10200713
List the prime factors of 1705703.
23, 74161
List the prime factors of 5311241.
13, 19, 21503
List the prime factors of 3082045.
5, 616409
What are the prime factors of 56685?
3, 5, 3779
What are the prime factors of 381441?
3, 53, 2399
What are the prime factors of 173067?
3, 57689
List the prime factors of 908239.
37, 24547
What are the prime factors of 716846?
2, 13, 79, 349
What are the prime factors of 1703486?
2, 61, 13963
What are the prime factors of 456850?
2, 5, 9137
List the prime factors of 6840684.
2, 3, 19, 73, 137
What are the prime factors of 12582794?
2, 7, 23, 1699
List the prime factors of 634940.
2, 5, 53, 599
What are the prime factors of 390179?
241, 1619
List the prime factors of 1888673.
1888673
What are the prime factors of 2721043?
13, 209311
List the prime factors of 119995.
5, 103, 233
What are the prime factors of 1531140?
2, 3, 5, 13, 151
List the prime factors of 5060548.
2, 41, 59, 523
What are the prime factors of 2955789?
3, 328421
What are the prime factors of 13982422?
2, 1031, 6781
What are the prime factors of 462993?
3, 157, 983
What are the prime factors of 321173?
397, 809
What are the prime factors of 4452261?
3, 11, 134917
What are the prime factors of 4913305?
5, 19, 51719
What are the prime factors of 428307?
3, 11, 12979
List the prime factors of 53397.
3, 17, 349
What are the prime factors of 1935801?
3, 7, 30727
What are the prime factors of 4918980?
2, 3, 5, 11, 29, 257
List the prime factors of 9400495.
5, 13, 29, 4987
List the prime factors of 122399.
122399
What are the prime factors of 14126?
2, 7, 1009
List the prime factors of 17174720.
2, 5, 191, 281
List the prime factors of 10246987.
47, 218021
What are the prime factors of 330532?
2, 82633
List the prime factors of 1657680.
2, 3, 5, 6907
What are the prime factors of 4954334?
2, 7, 11, 53, 607
List the prime factors of 27769585.
5, 17, 326701
List the prime factors of 1258598.
2, 11, 19, 3011
What are the prime factors of 21142887?
3, 7047629
List the prime factors of 9050903.
37, 244619
What are the prime factors of 125094?
2, 3, 20849
What are the prime factors of 1260593?
19, 66347
What are the prime factors of 12438592?
2, 194353
List the prime factors of 1721253.
3, 71, 8081
List the prime factors of 136850.
2, 5, 7, 17, 23
What are the prime factors of 8589293?
43, 199751
What are the prime factors of 258945?
3, 5, 61, 283
What are the prime factors of 13488102?
2, 3, 749339
List the prime factors of 175958.
2, 97, 907
What are the prime factors of 2932065?
3, 5, 37, 587
List the prime factors of 26650089.
3, 2961121
List the prime factors of 17895479.
7, 71, 36007
List the prime factors of 139988.
2, 79, 443
List the prime factors of 218510.
2, 5, 21851
What are the prime factors of 667306?
2, 31, 47, 229
What are the prime factors of 166933?
13, 12841
What are the prime factors of 7500876?
2, 3, 17, 83, 443
What are the prime factors of 996464?
2, 7, 31, 41
List the prime factors of 5572.
2, 7, 199
What are the prime factors of 176914?
2, 53, 1669
List the prime factors of 22961.
22961
List the prime factors of 63914.
2, 31957
List the prime factors of 26437657.
26437657
List the prime factors of 2095062.
2, 3, 349177
List the prime factors of 8507275.
5, 7, 173, 281
What are the prime factors of 6168342?
2, 3, 487, 2111
List the prime factors of 13261424.
2, 11, 151, 499
What are the prime factors of 1916531?
1916531
List the prime factors of 1295507.
313, 4139
List the prime factors of 11591986.
2, 7, 47, 79, 223
What are the prime factors of 310336?
2, 13, 373
List the prime factors of 3472202.
2, 1736101
What are the prime factors of 5206883?
11, 473353
List the prime factors of 377047.
11, 151, 227
What are the prime factors of 8465820?
2, 3, 5, 11, 101, 127
List the prime factors of 275432.
2, 34429
What are the prime factors of 48232?
2, 6029
List the prime factors of 2014510.
2, 5, 201451
List the prime factors of 11268674.
2, 5634337
List the prime factors of 202089.
3, 31, 41, 53
What are the prime factors of 17345558?
2, 8672779
What are the prime factors of 431600?
2, 5, 13, 83
List the prime factors of 14784806.
2, 7392403
What are the prime factors of 23511510?
2, 3, 5, 11, 17, 127
List the prime factors of 35195019.
3, 383, 30631
List the prime factors of 315312.
2, 3, 6569
What are the prime factors of 215856?
2, 3, 1499
What are the prime factors of 556991?
23, 61, 397
What are the prime factors of 1824308?
2, 167, 2731
What are the prime factors of 395317?
13, 47, 647
What are the prime factors of 396581?
396581
List the prime factors of 8290571.
61, 135911
What are the prime factors of 2247086?
2, 73, 15391
List the prime factors of 2992993.
1031, 2903
What are the prime factors of 501999?
3, 19, 8807
What are the prime factors of 12758708?
2, 41, 77797
List the prime factors of 248481.
3, 9203
What are the prime factors of 918623?
31, 29633
What are the prime factors of 1910173?
23, 53, 1567
List the prime factors of 1434072.
2, 3, 59753
List the prime factors of 25476462.
2, 3, 11, 128669
List the prime factors of 2865053.
173, 16561
List the prime factors of 2577680.
2, 5, 7, 4603
What are the prime factors of 13566655?
5, 227, 11953
List the prime factors of 40515.
3, 5, 37, 73
List the prime factors of 25765532.
2, 13, 495491
What are the prime factors of 1106969?
479, 2311
What are the prime factors of 3116496?
2, 3, 64927
List the prime factors of 44938.
2, 22469
List the prime factors of 7025355.
3, 5, 156119
What are the prime factors of 35325?
3, 5, 157
What are the prime factors of 17291?
17291
What are the prime factors of 10176849?
3, 149, 7589
List the prime factors of 189278.
2, 17, 19, 293
List the prime factors of 2803752.
2, 3, 7, 5563
What are the prime factors of 3686658?
2, 3, 197, 3119
List the prime factors of 13797.
3, 7, 73
What are the prime factors of 310421?
53, 5857
What are the prime factors of 1860590?
2, 5, 67, 2777
What are the prime factors of 6062464?
2, 47363
What are the prime factors of 25698823?
25698823
List the prime factors of 22132995.
3, 5, 109, 13537
What are the prime factors of 389937?
3, 19, 6841
List the prime factors of 3313363.
3313363
What are the prime factors of 37099?
23, 1613
What are the prime factors of 3322483?
337, 9859
List the prime factors of 319082.
2, 159541
List the prime factors of 555858.
2, 3, 30881
List the prime factors of 422328.
2, 3, 17597
What are the prime factors of 13288661?
37, 359153
What are the prime factors of 4680021?
3, 1560007
What are the prime factors of 921026?
2, 17, 103, 263
What are the prime factors of 108213?
3, 7, 5153
List the prime factors of 16594916.
2, 13, 319133
List the prime factors of 332155.
5, 66431
List the prime factors of 215373.
3, 17, 41, 103
What are the prime factors of 8062215?
3, 5, 7, 1567
What are the prime factors of 251682?
2, 3, 41947
List the prime factors of 1953620.
2, 5, 23, 31, 137
What are the prime factors of 1005097?
61, 16477
What are the prime factors of 96859?
7, 101, 137
List the prime factors of 2116857.
3, 17, 41507
List the prime factors of 1662569.
113, 14713
What are the prime factors of 4271602?
2, 283, 7547
List the prime factors of 32342.
2, 103, 157
What are the prime factors of 346497?
3, 115499
What are the prime factors of 350963?
350963
What are the prime factors of 6453964?
2, 11, 146681
What are the prime factors of 216928?
2, 6779
What are the prime factors of 243877?
31, 7867
What are the prime factors of 139351?
331, 421
List the prime factors of 1961555.
5, 23, 37, 461
What are the prime factors of 395149?
73, 5413
What are the prime factors of 798431?
251, 3181
List the prime factors of 2666563.
179, 14897
List the prime factors of 535589.
535589
What are the prime factors of 1610440?
2, 5, 13, 19, 163
What are the prime factors of 1501150?
2, 5, 7, 4289
List the prime factors of 2960410.
2, 5, 296041
What are the prime factors of 114205?
5, 7, 13, 251
List the prime factors of 157341.
3, 179, 293
What are the prime factors of 319857?
3, 106619
List the prime factors of 6713148.
2, 3, 13, 23, 1871
Wh